/3*k**3. Give c(p).
-4
Let g(x) = 1 + 3*x**2 + x - 1. Let r = -462 + 524. Suppose -r = w - 64. Calculate g(w).
14
Let w(n) = -n**3 + 6*n**2 - n + 9. Let v be w(6). Let z be (1 - -1)*(v + (-36)/9). Let p(q) = 4*q + 1. What is p(z)?
-7
Let j(i) = -i**3 - 12*i**2 - 19*i + 5. Let d = 11934 + -11941. Calculate j(d).
-107
Let w = 19 - 31. Let u be (-4)/((-16)/w) - -14. Let k(s) = -u + s - s**2 + 3*s - s + 7*s. What is k(8)?
5
Let f(y) be the second derivative of y**4/12 - 7*y**3/3 + 23*y**2/2 - 4552*y. What is f(11)?
-10
Suppose -4*j - 4*g - 12 = 0, 10 = -4*j - 18*g + 16*g. Let m(v) = -5*v + 5. Calculate m(j).
15
Suppose -35*c = -4*d - 36*c - 6, 3*d + 5*c = -30. Let m(o) be the third derivative of 1/30*o**5 + d*o**3 + 0*o - 1/6*o**4 + 12*o**2 + 0. What is m(3)?
6
Let x(u) = -3*u**2 + 3*u + 7. Let c(i) = -2*i**2 + 4*i + 6. Let n(k) = -4*c(k) + 3*x(k). Suppose 12 = -f - 2*p, -8*f + 3*f - 4*p - 48 = 0. Give n(f).
-11
Let a(d) = -d - 8. Let l(j) = 89*j - 114. Let k be l(12). Let w = 948 - k. Calculate a(w).
-2
Suppose 5*i - 20 = 0, 4*s - 2*i - 6 = 2. Suppose 4*v - 6*v + s = 0. Suppose -v = c - 3. Let h(g) = g - 1. Give h(c).
0
Let m be 13 - 20/(1 - -4). Let p be ((-3)/m + 2)*3. Let a(n) be the second derivative of n**4/12 - 5*n**3/6 + 3*n**2 + 22*n. Determine a(p).
6
Let w(x) = 7*x + 10*x**2 + 13701 + x**3 - 6846 - 6859. Give w(-9).
14
Let s(v) be the third derivative of v**5/60 - 5*v**4/12 - 4*v**3/3 + 867*v**2. Determine s(12).
16
Suppose -24*w + 13*w - 33 = 0. Let y be 8/(-2) - w - (1 + 1). Let q(d) = -d**3 - 3*d**2 + 4*d. Give q(y).
-12
Suppose 3*n = 3*u - 5*u + 17, -n = 2*u - 11. Suppose 2*c - 14 = -2*v, -3*v - 2*v - 10 = -u*c. Let r(h) = -h**3 + 4*h**2 + 5*h - 1. Give r(c).
-1
Let t(d) be the third derivative of d**4/24 - 7*d**3/6 + 1005*d**2. Give t(18).
11
Let j(i) = 12*i**2 - 9*i**2 - 5*i + i**3 + 0*i**3 - 4*i + 2*i**2 - 9. Calculate j(-4).
43
Let o(f) be the first derivative of -f**3/3 + 7*f**2/2 - 4*f + 81. Suppose -10*c = -15*c + 5*u + 35, -c = 5*u - 13. Calculate o(c).
-12
Let x(c) be the first derivative of -c + 1/4*c**4 + 48 + 1/2*c**2 + 2/3*c**3. Let g be (-2)/(2*(-1)/(-2)). Give x(g).
-3
Let i(g) = -125*g**3 - g**2 - 1019 + 1022 + 126*g**3. Determine i(2).
7
Let d(v) = -v - 1. Let w be 0 - -4 - -12 - (1 - 2). Let l(j) = 10*j - 44*j + w*j + 10*j - 7. Let m(t) = -5*d(t) + l(t). Determine m(-5).
8
Let v(f) = -23*f - 141. Suppose l = -52178 + 52172. What is v(l)?
-3
Let h(y) = y**3 + 7*y**2 + 7*y - 6. Suppose -296 + 1381 = -348*v + 131*v. Calculate h(v).
9
Suppose 3*m + 4*g - 49 = 8*m, -2*g = 6*m + 52. Let q(i) = i**3 + 10*i**2 + 8*i. Calculate q(m).
9
Suppose 2*p = 3*l - p - 111, -4*l + 112 = 5*p. Suppose l - 1 = 4*o. Let j(r) = -4*r**2 - r - 1. Let d(t) = t**3 + 25*t**2. Let q(n) = -d(n) - 8*j(n). Give q(o).
8
Let y = 9 - 6. Let k(l) = 4 + l**3 + 2 - y - 4*l**2. Suppose -v + 2*o - 46 = -41, -3*o - 3 = -5*v. Calculate k(v).
-6
Let x(s) = s**2 + 4*s**2 - 2*s**2 + 1 - 4*s**2 + 4*s. Suppose 5*g - 45*p + 41*p = 30, -3*g = p - 1. Give x(g).
5
Let n(k) be the second derivative of 11*k**3/6 - k**2 + 3119*k. Calculate n(3).
31
Let v(r) be the third derivative of r**5/60 - r**4/3 - 5*r**3/3 + 60*r**2. Determine v(12).
38
Let n = 507 + -447. Let b be 24/4 - n/5. Let x(z) = -z**3 - 6*z**2 - 6. What is x(b)?
-6
Let i(f) be the first derivative of -398*f - f**2 - 389*f + 66 + 784*f. Give i(-3).
3
Suppose -16*u + 58 = -550. Let d(l) = -l + 3*l + 49 - u - 5*l. Determine d(9).
-16
Let k(m) = m**3 - 7*m**2 - 17*m - 5. Suppose -107*v + 111*v - 36 = 0. Calculate k(v).
4
Let b(c) = 2*c**2 - 84*c + 155. Let r be b(40). Let w(s) = -4*s + 1 + 7*s + 3 - 6*s. Determine w(r).
19
Let f(g) be the second derivative of 5*g**3/6 + 35*g**2/2 - 10*g. Let z be f(-6). Let y(n) = z*n - 6*n + 4*n. Determine y(1).
3
Let o(y) be the third derivative of -y**5/120 + 11*y**4/24 + 33*y**3/2 - 27*y**2. Let f(i) be the first derivative of o(i). Let k be 1 - 2*2/4. Calculate f(k).
11
Let y be -66*2/(-5 - -17). Let w(l) = -l**3 - 13*l**2 - 11*l + 5. Give w(y).
-116
Let k(q) = 436*q**2 - 35*q - 108. Let m(g) = 1235*g**2 - 104*g - 323. Let h(r) = 17*k(r) - 6*m(r). Determine h(-4).
18
Suppose -55*a - 60 = -60*a. Let k = -3 - a. Let j(t) = t**3 + 15*t**2 - 6. Let n be j(k). Let b(p) = -p**2 - 7*p - 2. Determine b(n).
4
Let q(c) = -6 + 73*c**2 - 2*c - 11*c + 0 - 74*c**2. Suppose 6*j = 5*j - 11. Determine q(j).
16
Let q(b) be the third derivative of b**7/2520 - b**6/720 + 3*b**5/40 + 29*b**4/12 + 37*b**2. Let m(a) be the second derivative of q(a). Determine m(0).
9
Let a(f) be the first derivative of -3*f + 1/6*f**3 + 14 + 1/6*f**4 - 3/2*f**2. Let i(r) be the first derivative of a(r). Determine i(-3).
12
Let u(f) = f**3 - 7*f**2 + 7*f - 2. Suppose 5*t - 7*m - 415 = -4*m, 5*m = -5*t + 375. Suppose -t = -9*a - 26. What is u(a)?
4
Let l(r) = -r - 2. Let f(x) = 2*x**2 - 82*x - 3117. Let b be f(65). Determine l(b).
-5
Let f be ((-3)/30*-5)/(2/(-404)). Let h = -106 - f. Let k(t) = 2*t + 1. Determine k(h).
-9
Let j = -1026 - -667. Let g = -354 - j. Let d(q) = q**2 - 3*q + 1. Determine d(g).
11
Let i = -22 + 63. Suppose 2*m + 2*l = 76, -32 = -2*m - 3*l + 46. Let u = i - m. Let z(d) = d**3 - 4*d**2 - 7*d + 2. What is z(u)?
-8
Let j(d) = -925*d - 6*d**3 + 25*d**3 - 2 + 924*d + 2*d**2. Calculate j(-1).
-18
Let l(f) be the second derivative of -f**3/2 + 3*f**2/2 + 4*f. Suppose -4*h + 64 + 156 = -3*y, y + 165 = 3*h. Let n = h + -53. Determine l(n).
-3
Suppose 0 = 4*z - 3*u - 20, -17*u + 20*u = -12. Let f = 5 + -2. Let d(n) = -z - 4*n + 0*n - f*n + 6*n. Calculate d(6).
-8
Suppose 0 = v - 3*a + 6, -a + 7 = v + 1. Suppose 8 = v*s - s. Let j(q) be the third derivative of q**5/60 - q**4/6 + q**3/6 - 367*q**2 - 2*q + 12. Give j(s).
1
Suppose -l + 16 = 2*b, -7*l - 8*b + 52 = -4*l. Let z(s) be the third derivative of -l*s**2 + 0*s + 0 + 1/2*s**3 + 1/24*s**4. Determine z(6).
9
Let k(b) be the third derivative of b**6/60 - b**5/5 - 5*b**4/24 + 19*b**3/6 + 6*b**2 + 19*b. Calculate k(6).
-11
Let w(y) = -y**3 + 16*y**2 - 17*y + 19. Let l(d) = -d**2. Let p(m) = 2*m**2 + 14*m + 18. Let r(s) = -l(s) - p(s). Let i be r(-11). Determine w(i).
-11
Let q(m) = -16*m**2 + 73*m - 13. Let f(k) = 7*k**2 - 29*k + 7. Let s(b) = 7*f(b) + 3*q(b). Calculate s(-16).
10
Let l(r) be the first derivative of r**6/120 - r**4/24 - 5*r**3/3 + r**2/2 - 41*r + 74. Let v(o) be the second derivative of l(o). Calculate v(0).
-10
Let h be (8 + -2)*(21 + -20). Let g(k) = k**2 + 6 - 7 + h*k - k**2 - k**2. Give g(5).
4
Let g(w) = w + 0*w + 1 - 3. Let x be 4/70*5*35 + -14. Give g(x).
-6
Let m(a) = 2*a**3 - 23*a**2 + 12*a - 9. Let i(k) = -234*k - 691. Let t be i(-3). Determine m(t).
2
Let t(m) = -36 + 609669*m + 0 - 609672*m. Determine t(-19).
21
Let o(p) = 3*p + 4. Let j(g) = -7*g + 50. Let h be j(6). Suppose -5*b + 9 = -h*b. What is o(b)?
-5
Let b(j) = -22*j**2 + 11*j + 49. Let z(s) = -12*s**2 + 5*s + 28. Let r(h) = 5*b(h) - 9*z(h). Give r(5).
-7
Let u(o) = 2*o**3 + 46*o**2 + 43*o - 36. Let a be u(-22). Let t(j) = -j**2 - 16*j - 23. What is t(a)?
5
Let d(l) = l**2 - 11*l + 11. Let m be d(11). Let g(n) = 82 - 159 + 91 - 4*n. Determine g(m).
-30
Suppose -5*l - 28 = -33. Let v(y) be the first derivative of y**5/5 + y**4/24 + y**2 - 3. Let z(h) be the second derivative of v(h). Calculate z(l).
13
Let r = 22379 + -22379. Let f(q) = q**3 - q**2 + q - 126. Determine f(r).
-126
Suppose 0 = 11*o - 60 + 5. Suppose 4*s + v = 5*v - 20, -v = -o. Let d be (s - -2)/(-2 - -4) - 1. Let n(c) = c**3 + c**2 - c - 15. Determine n(d).
-15
Suppose -29*w + 27*w = 3*a - 935, 2*a - 4*w = 650. Let x(u) = a*u**2 + 2*u + 1 - 624*u**2 + 310*u**2. Calculate x(-1).
0
Let z = 41782 - 41779. Let r(n) = 17*n - 16. Give r(z).
35
Let y(p) be the first derivative of p**3/3 + 11*p**2/2 - 20*p + 8339. Give y(-9).
-38
Suppose -2*i + 10 = 2*c + 3*c, 5*c - i = -5. Suppose -8*g - 19 - 29 = c. Let l(z) be the third derivative of -z**4/24 - 2*z**3 + z**2 + 12. Calculate l(g).
-6
Let l be 0 - (65 - (-1 - 2)). Let x = -44 + 116. Let f = x + l. Let d(v) = 2*v - 6. Give d(f).
2
Suppose r + 3 = w, 182*w = -2*r + 178*w + 24. Let t(a) = -4*a + 4. Determine t(r).
-4
Suppose -100 = 13484*t - 13474*t. Let n(y) = -4*y - 42. Calculate n(t).
-2
Let j = 88 + -144. Let l = -49 - j. Suppose 0 = -0*v - l*v -